es 9 divide 28305?
True
Does 9 divide 29808?
True
Does 17 divide 11231602?
False
Is 470106 a multiple of 287?
True
Is 29 a factor of 422615?
False
Does 1209 divide 6310980?
True
Is 319464 a multiple of 34?
True
Does 28 divide 42797?
False
Does 18 divide 2930202?
True
Does 49 divide 5445927?
False
Is 893849 a multiple of 253?
True
Does 46 divide 19734?
True
Is 166944 a multiple of 32?
True
Does 15 divide 45751?
False
Is 144642 a multiple of 6?
True
Is 1586928 a multiple of 24?
True
Does 216 divide 945795?
False
Is 4630470 a multiple of 5?
True
Does 56 divide 148176?
True
Is 64 a factor of 35630976?
True
Is 432919 a multiple of 17?
False
Does 37 divide 190624?
True
Does 90 divide 11439725?
False
Does 546 divide 104286?
True
Is 191 a factor of 1086026?
True
Does 9 divide 2568051?
True
Is 131016 a multiple of 106?
True
Does 301 divide 1067707?
False
Does 18 divide 175987?
False
Does 137 divide 3611089?
False
Does 8 divide 64339?
False
Is 348298 a multiple of 89?
False
Does 22 divide 35222?
True
Is 10 a factor of 2595508?
False
Does 1113 divide 1959829?
False
Is 529665 a multiple of 60?
False
Is 101280 a multiple of 120?
True
Is 48 a factor of 170634?
False
Is 455 a factor of 155610?
True
Is 5182528 a multiple of 3?
False
Is 1405195 a multiple of 17?
False
Is 107925 a multiple of 5?
True
Does 4 divide 193353?
False
Does 19 divide 96074?
False
Is 187 a factor of 503404?
True
Does 80 divide 542960?
True
Does 161 divide 429709?
True
Is 696 a factor of 3095540?
False
Is 377118 a multiple of 544?
False
Does 34 divide 168402?
True
Does 24 divide 9996816?
True
Is 177444 a multiple of 18?
True
Does 43 divide 368642?
False
Is 78 a factor of 5498688?
True
Does 180 divide 224640?
True
Is 1298256 a multiple of 629?
True
Is 162 a factor of 53946?
True
Does 50 divide 53202?
False
Is 664 a factor of 1535992?
False
Is 15 a factor of 1772542?
False
Is 52000 a multiple of 32?
True
Is 3799492 a multiple of 44?
False
Is 167 a factor of 225951?
True
Does 119 divide 7543172?
True
Does 75 divide 128925?
True
Does 103 divide 41921?
True
Does 8 divide 70697?
False
Is 11266646 a multiple of 205?
False
Does 4 divide 4174332?
True
Is 2153696 a multiple of 8?
True
Does 6 divide 511983?
False
Is 234 a factor of 447408?
True
Is 344 a factor of 6849384?
True
Is 7232059 a multiple of 27?
False
Is 50 a factor of 59700?
True
Is 35 a factor of 1178929?
False
Is 380 a factor of 8362239?
False
Does 28 divide 15829128?
True
Is 6 a factor of 401109?
False
Is 601 a factor of 6053873?
True
Does 75 divide 2800275?
True
Does 124 divide 826201?
False
Does 394 divide 8621114?
True
Is 36 a factor of 137473?
False
Does 10 divide 57000?
True
Is 2173362 a multiple of 46?
True
Is 18059 a multiple of 114?
False
Does 692 divide 754972?
True
Is 320 a factor of 385293?
False
Is 12 a factor of 82140?
True
Does 599 divide 218241?
False
Is 22 a factor of 761937?
False
Is 2694243 a multiple of 229?
False
Is 27 a factor of 14361381?
True
Does 6 divide 17797276?
False
Is 2 a factor of 12672?
True
Is 98 a factor of 1907178?
True
Does 1458 divide 3414012?
False
Does 25 divide 1932200?
True
Does 146 divide 2358576?
False
Is 974550 a multiple of 73?
True
Is 24 a factor of 14533584?
True
Is 1839978 a multiple of 238?
True
Does 525 divide 6725564?
False
Does 24 divide 99523?
False
Is 804 a factor of 213060?
True
Is 25 a factor of 2000?
True
Does 13 divide 5140782?
False
Is 34 a factor of 13604760?
True
Is 7 a factor of 72632?
True
Is 6135844 a multiple of 26?
True
Is 4722944 a multiple of 19?
True
Is 8 a factor of 140872?
True
Does 6 divide 104058?
True
Does 7 divide 106365?
True
Is 53 a factor of 464141?
False
Does 100 divide 3922222?
False
Does 40 divide 327120?
True
Does 513 divide 167886?
False
Is 88 a factor of 254742?
False
Does 20 divide 287560?
True
Does 347 divide 118043?
False
Is 2778849 a multiple of 123?
False
Is 66437 a multiple of 158?
False
Does 22 divide 99073?
False
Does 22 divide 3773521?
False
Does 8 divide 378640?
True
Does 9 divide 23739?
False
Is 5015109 a multiple of 14?
False
Is 30 a factor of 95459?
False
Is 26 a factor of 184191?
False
Is 410 a factor of 1620320?
True
Is 175464 a multiple of 17?
False
Is 109 a factor of 491472?
False
Is 251736 a multiple of 12?
True
Is 412439 a multiple of 6?
False
Is 153849 a multiple of 17?
False
Is 862575 a multiple of 31?
True
Is 74748 a multiple of 144?
False
Does 716 divide 970896?
True
Is 1832 a factor of 2647304?
False
Is 438 a factor of 1268886?
True
Does 2 divide 3084?
True
Does 13 divide 2011035?
True
Is 4079208 a multiple of 12?
True
Is 209196 a multiple of 786?
False
Is 125891 a multiple of 131?
True
Does 4 divide 267828?
True
Does 35 divide 211336?
False
Does 16 divide 650368?
True
Does 13 divide 2888717?
True
Does 5 divide 2139791?
False
Is 1511998 a multiple of 82?
True
Is 36 a factor of 37847?
False
Is 29016 a multiple of 248?
True
Does 16 divide 42864?
True
Is 22 a factor of 1473844?
False
Is 131480 a multiple of 19?
True
Is 10073490 a multiple of 445?
False
Is 71621 even?
False
Is 4972687 a multiple of 73?
True
Does 34 divide 392360?
True
Is 2491524 a multiple of 4?
True
Is 150869 a multiple of 23?
False
Is 58 a factor of 43848?
True
Is 10 a factor of 3351700?
True
Does 205 divide 59450?
True
Is 33 a factor of 155694?
True
Does 45 divide 1285273?
False
Does 383 divide 635014?
True
Is 12 a factor of 53472?
True
Is 4 a factor of 40748?
True
Is 11 a factor of 564750?
False
Is 92634 a multiple of 6?
True
Does 52 divide 3811028?
True
Is 51 a factor of 1580184?
True
Is 774051 a multiple of 14?
False
Is 4054233 a multiple of 9?
False
Is 361 a factor of 629083?
False
Is 15 a factor of 296475?
True
Does 636 divide 2388816?
True
Is 219560 a multiple of 5?
True
Is 233 a factor of 3739175?
False
Is 5170508 a multiple of 38?
True
Does 28 divide 103835?
False
Does 229 divide 423952?
False
Does 44 divide 25740?
True
Does 44 divide 3017895?
False
Is 12 a factor of 1675480?
False
Does 35 divide 350667?
False
Is 151 a factor of 894071?
True
Is 194 a factor of 8102992?
True
Does 41 divide 698621?
False
Is 1345032 a multiple of 18?
True
Is 60 a factor of 1180870?
False
Is 896678 a multiple of 202?
True
Does 180 divide 15846?
False
Is 122 a factor of 263007?
False
Is 5213 a multiple of 3?
False
Does 8 divide 2377115?
False
Is 5132565 a multiple of 513?
True
Is 13 a factor of 1060823?
False
Does 23 divide 212723?
False
Is 78100 a multiple of 11?
True
Does 46 divide 277752?
False
Is 46 a factor of 6021463?
False
Is 4 a factor of 264954?
False
Is 3697680 a multiple of 336?
True
Does 728 divide 2862413?
False
Does 106 divide 48299?
False
Is 43113 a multiple of 21?
True
Does 14 divide 8256?
False
Does 891 divide 284229?
True
Does 3 divide 5265666?
True
Is 55 a factor of 18125519?
False
Is 55915 a multiple of 265?
True
Is 15 a factor of 788625?
True
Does 12 divide 21163?
False
Is 102083 a multiple of 37?
True
Does 15 divide 1986030?
True
Is 15002 a multiple of 5?
False
Is 132750 a multiple of 177?
True
Is 1039237 a multiple of 11?
False
Does 49 divide 58800?
True
Is 501 a factor of 163827?
True
Is 469026 a multiple of 213?
True
Does 75 divide 360675?
True
Is 17 a factor of 2211287?
False
Is 25 a factor of 1814501?
False
Is 140 a factor of 58800?
True
Does 17 divide 829760?
False
Is 941112 a multiple of 108?
True
Is 37 a factor of 16019121?
False
Is 480915 a multiple of 18?
False
Is 2141468 a multiple of 10?
False
Is 7215 a multiple of 13?
True
Does 191 divide 1029872?
True
Is 9975 a multiple of 6?
False
Is 21459 a multiple of 279?
False
Does 31 divide 204011?
True
Does 19 divide 14053960?
False
Is 1828160 a multiple of 464?
True
Is 19877 a multiple of 6?
False
Does 7 divide 69993?
True
Does 116 divide 603478?
False
Is 411 a factor of 756240?
True
Does 13 divide 11178448?
False
Is 31 a factor of 6288?
False
Is 16968798 a multiple of 63?
True
Does 284 divide 42884?
True
Is 263 a factor of 104529?
False
Is 149 a factor of 518956?
False
Does 9 divide 2547?
True
Does 26 divide 453050?
True
Does 103 divide 56650?
True
Is 682 a factor of 1439702?
True
Does 57 divide 913824?
True
Is 2012406 a multiple of 3?
True
Is 325 a factor of 26833647?
False
Is 102812 a multiple of 13?
False
Is 186 a factor of 1829124?
True
Is 240277 a multiple of 496?
False
Is 73588 a multiple